{"id":313,"date":"2024-10-04T10:03:11","date_gmt":"2024-10-04T08:03:11","guid":{"rendered":"https:\/\/www.cantinovum.fi\/homepage\/?post_type=product&#038;p=313"},"modified":"2024-12-15T11:36:47","modified_gmt":"2024-12-15T09:36:47","slug":"commissioned-by-cantinovum","status":"publish","type":"product","link":"https:\/\/www.cantinovum.fi\/homepage\/tuote\/commissioned-by-cantinovum\/","title":{"rendered":"Commissioned by Cantinovum"},"content":{"rendered":"<p>Commissioned by Cantinovum (2000)<\/p>\n<p>Levyll\u00e4 kuullaan kattaus varta vasten Kamarikuoro Cantinovumille s\u00e4velletty\u00e4 musiikkia, s\u00e4velt\u00e4jilt\u00e4 kuten Jaakko M\u00e4ntyj\u00e4rvi, Juha Holma ja Robert Ross.<\/p>\n<ol>\n<li>Jaakko M\u00e4ntyj\u00e4rvi: El hambo<\/li>\n<li>Sami Klemola: Meditation on death<\/li>\n<li>Robert Ross: My mistress&#8217; eyes<\/li>\n<li>Juha Holma: Belle qui tiens ma vie<\/li>\n<li>Sami Klemola: Under the greenwood tree<\/li>\n<li>Erkki Raiski: Stabat mater<\/li>\n<li>Sami Klemola: Stabat mater<\/li>\n<li>Jaakko M\u00e4ntyj\u00e4rvi: Stabat mater<\/li>\n<\/ol>\n<p>Levyn fyysinen painos on loppuunmyyty, mutta \u00e4l\u00e4 vaivu ep\u00e4toivoon; polkaisemme pian k\u00e4yntiin digitaalisen myynnin!<\/p>\n","protected":false},"excerpt":{"rendered":"<p>Levyll\u00e4 kuullaan kattaus varta vasten Kamarikuoro Cantinovumille s\u00e4velletty\u00e4 musiikkia, s\u00e4velt\u00e4jilt\u00e4 kuten Jaakko M\u00e4ntyj\u00e4rvi, Juha Holma ja Robert Ross. Levyn fyysinen painos on loppuunmyyty, mutta \u00e4l\u00e4 vaivu ep\u00e4toivoon; polkaisemme pian k\u00e4yntiin digitaalisen myynnin!<\/p>\n","protected":false},"featured_media":314,"template":"","meta":[],"product_brand":[],"product_cat":[60],"product_tag":[62,50,52,51],"class_list":{"0":"post-313","1":"product","2":"type-product","3":"status-publish","4":"has-post-thumbnail","6":"product_cat-cd","7":"product_tag-62","8":"product_tag-cd","9":"product_tag-cd-levy","10":"product_tag-levy","12":"first","13":"outofstock","14":"shipping-taxable","15":"product-type-simple"},"_links":{"self":[{"href":"https:\/\/www.cantinovum.fi\/homepage\/wp-json\/wp\/v2\/product\/313","targetHints":{"allow":["GET"]}}],"collection":[{"href":"https:\/\/www.cantinovum.fi\/homepage\/wp-json\/wp\/v2\/product"}],"about":[{"href":"https:\/\/www.cantinovum.fi\/homepage\/wp-json\/wp\/v2\/types\/product"}],"wp:featuredmedia":[{"embeddable":true,"href":"https:\/\/www.cantinovum.fi\/homepage\/wp-json\/wp\/v2\/media\/314"}],"wp:attachment":[{"href":"https:\/\/www.cantinovum.fi\/homepage\/wp-json\/wp\/v2\/media?parent=313"}],"wp:term":[{"taxonomy":"product_brand","embeddable":true,"href":"https:\/\/www.cantinovum.fi\/homepage\/wp-json\/wp\/v2\/product_brand?post=313"},{"taxonomy":"product_cat","embeddable":true,"href":"https:\/\/www.cantinovum.fi\/homepage\/wp-json\/wp\/v2\/product_cat?post=313"},{"taxonomy":"product_tag","embeddable":true,"href":"https:\/\/www.cantinovum.fi\/homepage\/wp-json\/wp\/v2\/product_tag?post=313"}],"curies":[{"name":"wp","href":"https:\/\/api.w.org\/{rel}","templated":true}]}}