{"id":311,"date":"2024-10-04T08:13:38","date_gmt":"2024-10-04T06:13:38","guid":{"rendered":"https:\/\/www.cantinovum.fi\/homepage\/?post_type=product&#038;p=311"},"modified":"2025-12-08T13:06:14","modified_gmt":"2025-12-08T11:06:14","slug":"lauloa-mina-lupasin","status":"publish","type":"product","link":"https:\/\/www.cantinovum.fi\/homepage\/tuote\/lauloa-mina-lupasin\/","title":{"rendered":"Lauloa min\u00e4 lupasin"},"content":{"rendered":"<p>Lauloa min\u00e4 lupasin (2006)<\/p>\n<ol>\n<li>Juha Holma: \u00c4l\u00e4 lapsi paljon laula<\/li>\n<li>Jan Hellberg: Lauloa min\u00e4 lupasin<\/li>\n<li>Teppo Salakka: Kolme karjalaista kansanrunoa karhusta<\/li>\n<li>Heikki Valpola: Tuonne taakse mets\u00e4maan<\/li>\n<li>Leevi Madetoja: Mets\u00e4n kuninkaalle<\/li>\n<li>Jan Hellberg: Marjatta&#8217;s son<\/li>\n<\/ol>\n<p>Lauloa min\u00e4 lupasin -levyn laululyriikka perustuu suomalaiseen kansanrunouteen ja Kalevalaan. P\u00e4\u00e4osin uutta suomalaista kuoromusiikkia sis\u00e4lt\u00e4v\u00e4ll\u00e4 levyll\u00e4 on kolme nimenomaan Kamarikuoro Cantinovumille s\u00e4velletty\u00e4 teosta. N\u00e4ist\u00e4 kaksi, Jan Hellbergin Lauloa min\u00e4 lupasin sek\u00e4 Juha Holman \u00c4l\u00e4 lapsi paljon laula, sai kantaesityksens\u00e4 kuoron kev\u00e4\u00e4n 2005 Yhdysvaltain kiertueella. Levyn muita s\u00e4velt\u00e4j\u00e4nimi\u00e4 ovat Teppo Salakka, Heikki Valpola sek\u00e4 perinteisemp\u00e4\u00e4 kuoromusiikkia edustava Leevi Madetoja.<\/p>\n","protected":false},"excerpt":{"rendered":"<p>Suomalaiseen kansanrunouteen ja Kalevalaan kietoutunut lyriikka leimaa t\u00e4t\u00e4 levy\u00e4, jolla kuullaan useita varta vasten Cantinovumille s\u00e4vellettyj\u00e4 teoksia.<\/p>\n","protected":false},"featured_media":312,"template":"","meta":[],"product_brand":[],"product_cat":[60],"product_tag":[58,50,52,59,51],"class_list":{"0":"post-311","1":"product","2":"type-product","3":"status-publish","4":"has-post-thumbnail","6":"product_cat-cd","7":"product_tag-58","8":"product_tag-cd","9":"product_tag-cd-levy","10":"product_tag-kalevala","11":"product_tag-levy","13":"first","14":"instock","15":"shipping-taxable","16":"purchasable","17":"product-type-simple"},"_links":{"self":[{"href":"https:\/\/www.cantinovum.fi\/homepage\/wp-json\/wp\/v2\/product\/311","targetHints":{"allow":["GET"]}}],"collection":[{"href":"https:\/\/www.cantinovum.fi\/homepage\/wp-json\/wp\/v2\/product"}],"about":[{"href":"https:\/\/www.cantinovum.fi\/homepage\/wp-json\/wp\/v2\/types\/product"}],"wp:featuredmedia":[{"embeddable":true,"href":"https:\/\/www.cantinovum.fi\/homepage\/wp-json\/wp\/v2\/media\/312"}],"wp:attachment":[{"href":"https:\/\/www.cantinovum.fi\/homepage\/wp-json\/wp\/v2\/media?parent=311"}],"wp:term":[{"taxonomy":"product_brand","embeddable":true,"href":"https:\/\/www.cantinovum.fi\/homepage\/wp-json\/wp\/v2\/product_brand?post=311"},{"taxonomy":"product_cat","embeddable":true,"href":"https:\/\/www.cantinovum.fi\/homepage\/wp-json\/wp\/v2\/product_cat?post=311"},{"taxonomy":"product_tag","embeddable":true,"href":"https:\/\/www.cantinovum.fi\/homepage\/wp-json\/wp\/v2\/product_tag?post=311"}],"curies":[{"name":"wp","href":"https:\/\/api.w.org\/{rel}","templated":true}]}}